 the highest common divisor of 323895866 and 8041.
731
Calculate the highest common divisor of 918474 and 74166.
282
What is the highest common factor of 6406559 and 388?
97
What is the highest common factor of 361 and 4867591?
19
What is the highest common divisor of 1540388 and 95391?
3533
Calculate the highest common factor of 71159220 and 11.
11
What is the greatest common divisor of 23566580 and 20041?
409
Calculate the highest common divisor of 624005 and 1221.
37
Calculate the greatest common factor of 4444 and 214380782.
2222
What is the highest common factor of 7223541 and 858?
39
What is the highest common factor of 49865452 and 9828?
364
What is the greatest common divisor of 3624 and 41307560?
1208
Calculate the greatest common divisor of 24 and 98027412.
12
Calculate the highest common divisor of 781632 and 84311.
59
What is the greatest common factor of 853273 and 105737?
2459
Calculate the greatest common divisor of 1490 and 383077510.
1490
What is the greatest common factor of 2850 and 417540?
30
What is the highest common divisor of 558 and 198670599?
279
Calculate the greatest common divisor of 38216 and 14695738.
562
What is the highest common divisor of 34428360 and 3785?
3785
What is the highest common factor of 153792 and 84016?
1424
What is the highest common divisor of 40057 and 7175?
41
What is the greatest common divisor of 28164 and 124800?
12
Calculate the greatest common factor of 29 and 10957099.
29
What is the greatest common divisor of 252 and 140534220?
12
What is the highest common factor of 12418545 and 30?
15
What is the highest common factor of 52745 and 12815?
55
Calculate the greatest common factor of 143399110 and 1217.
1217
Calculate the greatest common factor of 342 and 83277.
171
What is the highest common factor of 8896 and 728586848?
4448
Calculate the highest common factor of 19845 and 1251768.
21
Calculate the greatest common divisor of 35616 and 124488.
168
Calculate the highest common factor of 118083 and 3612.
21
Calculate the greatest common divisor of 84 and 26532380.
28
Calculate the highest common divisor of 104784 and 680208.
1776
What is the highest common divisor of 2310 and 2331070?
70
What is the highest common factor of 15 and 132314385?
15
Calculate the greatest common divisor of 7181933 and 22.
11
What is the highest common divisor of 442078 and 343?
49
What is the highest common factor of 15222 and 424741?
59
Calculate the greatest common factor of 1595772530 and 503.
503
What is the highest common factor of 2321 and 775049209?
2321
What is the highest common factor of 126336 and 19200?
384
Calculate the highest common divisor of 1113 and 2360806.
7
What is the greatest common divisor of 3092 and 89542?
2
What is the greatest common factor of 172987386 and 1001?
143
Calculate the highest common divisor of 14571 and 66788607.
4857
What is the greatest common divisor of 1733334327 and 738?
369
Calculate the greatest common divisor of 15950 and 5166755.
55
Calculate the greatest common factor of 88 and 76621336.
88
Calculate the highest common factor of 32465 and 9640385.
215
What is the greatest common divisor of 657 and 249149?
73
What is the highest common divisor of 11835 and 7093899?
2367
What is the greatest common divisor of 10033092 and 27?
27
Calculate the highest common divisor of 24686400 and 4865.
695
Calculate the greatest common divisor of 134907 and 418002.
699
Calculate the highest common factor of 2784 and 171958632.
696
What is the highest common factor of 708 and 29878662?
354
Calculate the highest common divisor of 426586 and 10220222.
1622
What is the highest common factor of 244 and 3381596?
244
Calculate the highest common divisor of 36162 and 116973.
369
Calculate the greatest common divisor of 1680882 and 211792.
434
What is the highest common divisor of 836 and 724736?
76
What is the greatest common factor of 6524 and 10014806?
466
What is the highest common factor of 444 and 246700756?
148
What is the highest common divisor of 5364238 and 110?
22
What is the highest common factor of 1321182 and 22968?
522
What is the highest common divisor of 124 and 251813?
31
What is the highest common factor of 19626728 and 32131?
253
What is the highest common divisor of 175450080 and 520?
520
Calculate the highest common factor of 2418 and 31655650.
806
What is the greatest common factor of 5201 and 31165135?
743
What is the greatest common divisor of 3245 and 2282533?
649
What is the highest common divisor of 170696 and 19432?
8
What is the highest common divisor of 2062914 and 84?
42
What is the highest common factor of 3 and 57010020?
3
What is the greatest common factor of 948248 and 234171?
2891
Calculate the greatest common factor of 1257412 and 33592.
52
What is the greatest common factor of 6 and 298400598?
6
Calculate the highest common factor of 3569010 and 410.
10
Calculate the greatest common divisor of 946907 and 4689711.
5603
Calculate the highest common factor of 43 and 68556233.
43
What is the highest common divisor of 173690556 and 13?
13
Calculate the highest common divisor of 48748518 and 1638.
1638
What is the highest common divisor of 32 and 366668872?
8
What is the greatest common divisor of 4043 and 6760?
13
What is the greatest common divisor of 19698 and 115857?
21
What is the greatest common divisor of 242136 and 173106?
1062
Calculate the greatest common factor of 18210 and 41231082.
3642
What is the greatest common divisor of 1279399 and 882750?
1177
What is the highest common factor of 21826217 and 1960?
49
What is the highest common divisor of 3249 and 396891?
171
Calculate the greatest common divisor of 1562 and 5168516.
142
What is the greatest common divisor of 1160985 and 154?
7
Calculate the greatest common factor of 3811158 and 68619.
267
Calculate the greatest common factor of 6536 and 4721228.
172
What is the highest common factor of 3510 and 77568660?
1170
What is the greatest common divisor of 479360026 and 830?
166
What is the highest common factor of 7770 and 1099788?
222
What is the greatest common factor of 833425057 and 3821?
3821
Calculate the highest common factor of 296 and 1110384.
8
Calculate the greatest common factor of 1421 and 227911.
29
Calculate the greatest common factor of 139572 and 3924.
36
Calculate the highest common divisor of 108 and 70618140.
36
What is the highest common divisor of 110 and 1380084365?
55
What is the greatest common divisor of 2795 and 59805733?
559
Calculate the greatest common divisor of 2 and 2675976.
2
What is the highest common divisor of 39000 and 3004125?
375
Calculate the greatest common divisor of 5138401 and 1401.
467
Calculate the greatest common factor of 1632 and 4564432.
272
Calculate the highest common divisor of 679506408 and 252.
252
What is the greatest common factor of 17129304 and 18?
18
What is the greatest common factor of 2114 and 352590?
14
Calculate the greatest common divisor of 4311014 and 12304.
1538
What is the highest common divisor of 556965193 and 898?
449
What is the greatest common divisor of 66 and 177214434?
6
Calculate the highest common divisor of 152136673 and 4056.
169
Calculate the highest common divisor of 4692 and 10957112.
68
Calculate the highest common divisor of 94908 and 263208.
132
Calculate the greatest common divisor of 10749852 and 36.
36
What is the highest common factor of 15543 and 29238?
33
What is the highest common divisor of 236435 and 245?
5
What is the greatest common divisor of 662 and 720665447?
331
Calculate the greatest common divisor of 718949 and 3696.
77
Calculate the greatest common divisor of 61911 and 100872.
27
Calculate the greatest common divisor of 51395 and 464719.
541
Calculate the greatest common factor of 5109 and 509781129.
5109
Calculate the greatest common divisor of 25812 and 1301116.
956
What is the highest common factor of 11808 and 6233804?
164
Calculate the highest common divisor of 7311892 and 84.
28
What is the greatest common divisor of 3498 and 66477741?
1749
Calculate the greatest common divisor of 17 and 2168480560.
17
Calculate the greatest common divisor of 16690786 and 21.
7
What is the greatest common divisor of 525 and 12889275?
525
What is the greatest common factor of 547584 and 1965561